{"id":2328,"date":"2019-02-10T16:11:59","date_gmt":"2019-02-10T14:11:59","guid":{"rendered":"http:\/\/menzendorff.de\/?page_id=2328"},"modified":"2019-04-06T16:33:46","modified_gmt":"2019-04-06T14:33:46","slug":"bildergalerie-johanniter","status":"publish","type":"page","link":"http:\/\/menzendorff.de\/?page_id=2328","title":{"rendered":"Bildergalerie"},"content":{"rendered":"<p>In diesen Bereich finden Sie die Fotos, die mir pers\u00f6nlich am besten gefallen. \u00dcber Geschmack l\u00e4\u00dft sich streiten, also w\u00e4hlen Sie selbst. \ud83d\ude42<\/p>\n<p>&nbsp;<\/p>\n<p><a href=\"http:\/\/menzendorff.de\/wp-content\/uploads\/2019\/02\/DSC_0063.jpg\"><img loading=\"lazy\" class=\"alignright size-large wp-image-2333\" src=\"http:\/\/menzendorff.de\/wp-content\/uploads\/2019\/02\/DSC_0063-1024x683.jpg\" alt=\"\" width=\"625\" height=\"417\" srcset=\"http:\/\/menzendorff.de\/wp-content\/uploads\/2019\/02\/DSC_0063-1024x683.jpg 1024w, http:\/\/menzendorff.de\/wp-content\/uploads\/2019\/02\/DSC_0063-300x200.jpg 300w, http:\/\/menzendorff.de\/wp-content\/uploads\/2019\/02\/DSC_0063-768x512.jpg 768w, http:\/\/menzendorff.de\/wp-content\/uploads\/2019\/02\/DSC_0063-624x416.jpg 624w\" sizes=\"(max-width: 625px) 100vw, 625px\" \/><\/a><\/p>\n<p style=\"text-align: center;\">Johanniterkommende Neckarelz, Baden-W\u00fcrttemberg<\/p>\n<p><a href=\"http:\/\/menzendorff.de\/wp-content\/uploads\/2019\/02\/DSC_0428.jpg\"><img loading=\"lazy\" class=\"alignright size-large wp-image-2334\" src=\"http:\/\/menzendorff.de\/wp-content\/uploads\/2019\/02\/DSC_0428-1024x683.jpg\" alt=\"\" width=\"625\" height=\"417\" \/><\/a><\/p>\n<p style=\"text-align: center;\">Johanniterkommende Genua, Ligurien, Italien<\/p>\n<p><a href=\"http:\/\/menzendorff.de\/wp-content\/uploads\/2019\/03\/DSC_0214.jpg\"><img loading=\"lazy\" class=\"alignleft size-large wp-image-2456\" src=\"http:\/\/menzendorff.de\/wp-content\/uploads\/2019\/03\/DSC_0214-1024x683.jpg\" alt=\"\" width=\"625\" height=\"417\" srcset=\"http:\/\/menzendorff.de\/wp-content\/uploads\/2019\/03\/DSC_0214-1024x683.jpg 1024w, http:\/\/menzendorff.de\/wp-content\/uploads\/2019\/03\/DSC_0214-300x200.jpg 300w, http:\/\/menzendorff.de\/wp-content\/uploads\/2019\/03\/DSC_0214-768x512.jpg 768w, http:\/\/menzendorff.de\/wp-content\/uploads\/2019\/03\/DSC_0214-624x416.jpg 624w\" sizes=\"(max-width: 625px) 100vw, 625px\" \/><\/a><\/p>\n<p style=\"text-align: center;\">Johanniterkommende Torphichen, Bathgate, West Lothian, Schottland<\/p>\n<p><a href=\"http:\/\/menzendorff.de\/wp-content\/uploads\/2019\/03\/DSC_0326.jpg\"><img loading=\"lazy\" class=\"alignleft size-large wp-image-2457\" src=\"http:\/\/menzendorff.de\/wp-content\/uploads\/2019\/03\/DSC_0326-1024x683.jpg\" alt=\"\" width=\"625\" height=\"417\" srcset=\"http:\/\/menzendorff.de\/wp-content\/uploads\/2019\/03\/DSC_0326-1024x683.jpg 1024w, http:\/\/menzendorff.de\/wp-content\/uploads\/2019\/03\/DSC_0326-300x200.jpg 300w, http:\/\/menzendorff.de\/wp-content\/uploads\/2019\/03\/DSC_0326-768x512.jpg 768w, http:\/\/menzendorff.de\/wp-content\/uploads\/2019\/03\/DSC_0326-624x416.jpg 624w\" sizes=\"(max-width: 625px) 100vw, 625px\" \/><\/a><\/p>\n<p style=\"text-align: center;\">Johanniterkrankenhaus, Valletta, Malta<\/p>\n<p><a href=\"http:\/\/menzendorff.de\/wp-content\/uploads\/2019\/04\/Heitersheim.jpg\"><img loading=\"lazy\" class=\"alignleft size-large wp-image-2622\" src=\"http:\/\/menzendorff.de\/wp-content\/uploads\/2019\/04\/Heitersheim-1024x595.jpg\" alt=\"\" width=\"625\" height=\"363\" srcset=\"http:\/\/menzendorff.de\/wp-content\/uploads\/2019\/04\/Heitersheim-1024x595.jpg 1024w, http:\/\/menzendorff.de\/wp-content\/uploads\/2019\/04\/Heitersheim-300x174.jpg 300w, http:\/\/menzendorff.de\/wp-content\/uploads\/2019\/04\/Heitersheim-768x446.jpg 768w, http:\/\/menzendorff.de\/wp-content\/uploads\/2019\/04\/Heitersheim-624x362.jpg 624w\" sizes=\"(max-width: 625px) 100vw, 625px\" \/><\/a><\/p>\n<p style=\"text-align: center;\">Johanniterkommende Heitersheim, Residenz der deutschen Prioren, Stich von Merian, 1680 (Quelle: Johannitermuseum Bubikon)<\/p>\n<p>&nbsp;<\/p>\n","protected":false},"excerpt":{"rendered":"<p>In diesen Bereich finden Sie die Fotos, die mir pers\u00f6nlich am besten gefallen. \u00dcber Geschmack l\u00e4\u00dft sich streiten, also w\u00e4hlen Sie selbst. \ud83d\ude42 &nbsp; Johanniterkommende Neckarelz, Baden-W\u00fcrttemberg Johanniterkommende Genua, Ligurien, Italien Johanniterkommende Torphichen, Bathgate, West Lothian, Schottland Johanniterkrankenhaus, Valletta, Malta Johanniterkommende Heitersheim, Residenz der deutschen Prioren, Stich von Merian, 1680 (Quelle: Johannitermuseum Bubikon) &nbsp;<\/p>\n","protected":false},"author":2,"featured_media":0,"parent":0,"menu_order":0,"comment_status":"closed","ping_status":"closed","template":"","meta":[],"_links":{"self":[{"href":"http:\/\/menzendorff.de\/index.php?rest_route=\/wp\/v2\/pages\/2328"}],"collection":[{"href":"http:\/\/menzendorff.de\/index.php?rest_route=\/wp\/v2\/pages"}],"about":[{"href":"http:\/\/menzendorff.de\/index.php?rest_route=\/wp\/v2\/types\/page"}],"author":[{"embeddable":true,"href":"http:\/\/menzendorff.de\/index.php?rest_route=\/wp\/v2\/users\/2"}],"replies":[{"embeddable":true,"href":"http:\/\/menzendorff.de\/index.php?rest_route=%2Fwp%2Fv2%2Fcomments&post=2328"}],"version-history":[{"count":12,"href":"http:\/\/menzendorff.de\/index.php?rest_route=\/wp\/v2\/pages\/2328\/revisions"}],"predecessor-version":[{"id":2623,"href":"http:\/\/menzendorff.de\/index.php?rest_route=\/wp\/v2\/pages\/2328\/revisions\/2623"}],"wp:attachment":[{"href":"http:\/\/menzendorff.de\/index.php?rest_route=%2Fwp%2Fv2%2Fmedia&parent=2328"}],"curies":[{"name":"wp","href":"https:\/\/api.w.org\/{rel}","templated":true}]}}